 of i?
2
Let z = -7 + 9. Suppose 0*t = -z*t - 60. Let v = 3 - t. What is the units digit of v?
3
Suppose 0 = -4*z + 19 - 3. Suppose -3*l + i = 3*i - 254, 3*i + 367 = z*l. What is the tens digit of l?
8
Suppose 1881 = 5*y + z, 2*z = -y + 5*y - 1502. Suppose -3*s = -5*m + 634, 4*s = -0*m + 3*m - y. What is the hundreds digit of m?
1
Let l(a) = 3*a + 8. Let m be l(6). Suppose -13*v + 14*v - m = 0. What is the tens digit of v?
2
Suppose 2240 = 5*g - 5*l, 7 + 1 = 4*l. What is the units digit of g?
0
Let n be (-1 - ((1 - -4) + -3)) + 107. Suppose g = -5*x + n + 89, -g + 2*x + 158 = 0. What is the units digit of g?
8
Let w(t) = -214*t - 40. What is the tens digit of w(-7)?
5
Let v(k) = 36*k - 18. Let m be v(-6). Let i = -77 - m. What is the units digit of i?
7
Let w(y) = 2*y**3 - 7*y + 5. Let f be w(4). Let x = -18 + f. What is the tens digit of x?
8
Suppose k - 3 + 13 = 0. Let b be (-4)/k + 190/25. Suppose 2*j + b = 58. What is the tens digit of j?
2
Let a(r) = -r**2 - 45*r - 45. What is the tens digit of a(-24)?
5
Let d = 12 - 4. Suppose l - 3*c = -4*c + 100, c = -1. Suppose d - l = -3*f. What is the units digit of f?
1
Let o(q) = -q**2 - 21*q - 43. Let h = -59 - -43. What is the units digit of o(h)?
7
Let t(u) = 3*u**2 + 21*u + 63. What is the units digit of t(-18)?
7
Suppose 5 = 3*h + 47. Let x be ((-4)/h)/(5/35). Let k = x - -16. What is the units digit of k?
8
Let l = 121 + 5. Suppose 0 = 6*n + 3*n - l. What is the tens digit of n?
1
Let t(s) = 2*s**2 - 66*s + 108. What is the thousands digit of t(44)?
1
Let b = -10 + 29. Let r = 23 - b. What is the units digit of (r - 10)*-3 - -3?
1
Suppose 0 = 5*n - 4*n - 5. Suppose o + 152 = n*o. What is the units digit of o?
8
Let m = 45 + -47. Let u(b) = 25*b**2 + 3*b + 4. What is the units digit of u(m)?
8
Suppose -1058 = 3*w + 2*n - 5561, 0 = -5*w - 2*n + 7509. What is the thousands digit of w?
1
Let l(n) = 10*n**2 + 4*n - 4. Let p be l(1). What is the tens digit of (2 - p)*-16 - (2 - 3)?
2
What is the tens digit of (-3 + 70/21)*5505?
3
Let n(o) = 37*o - 1. Let m be n(3). Suppose -6*k + m = -70. What is the tens digit of k?
3
Suppose -3*r - 12 = -3*m, -4*m = -2*r - r - 9. Let l = r + 21. What is the units digit of l?
4
What is the units digit of 210/(((-6)/(-8))/((-10)/(-20)))?
0
Let r be 5 - 4/(2 - -2). Suppose r*h = 3*b + 89, 0*b + 5*b = 4*h - 95. What is the units digit of h?
0
Let k = 1095 - -1252. What is the units digit of k?
7
Suppose 82 = 17*p - 105. What is the tens digit of p?
1
Let v(l) be the second derivative of -l**4/12 + l**3/3 - 7*l. What is the units digit of v(1)?
1
Suppose -6 = -p + 3*p. Suppose -3*r = 3*g - 33, -13*r + 9*r = 5*g - 57. What is the units digit of (g*1)/(p/(-12))?
2
Suppose -84*k + 2552 = -80*k. Let c = k - 367. What is the units digit of c?
1
Suppose 4 = -2*i + 4*i. Suppose -4*n = -i*k + 6, -k + 4*k = n - 1. What is the units digit of n/(-10) - 336/(-70)?
5
Let k(g) = 397*g + 25. What is the hundreds digit of k(2)?
8
Let b be ((-4)/((-4)/(-1)) - 0) + 153. What is the hundreds digit of (195/26)/(6/b)?
1
Let y(p) = p**3 - 7*p**2 + 101*p + 44. What is the units digit of y(19)?
5
Let m = -115 + 119. Suppose -2*f - 113 = -3*v + 742, v - 285 = m*f. What is the hundreds digit of v?
2
Let u = 30 - 29. Let o be 0 + u - (-24)/12. Suppose -41 = -d - 0*s + s, o*s - 192 = -4*d. What is the units digit of d?
5
Let a(y) = -y**2 - 10*y - 8. Let t be a(-6). Let i = 39 - t. Suppose 2*v + i = 5*r - 63, 3*r - 3*v - 57 = 0. What is the tens digit of r?
1
Let v(w) = -6*w - 6 + 1 - w**2 + 16*w - 2*w**3. What is the tens digit of v(-5)?
7
Let v = 1140 - -623. What is the units digit of v?
3
What is the tens digit of 26/(208/1320)*13/3?
1
Suppose 568*h - 553*h = 10275. What is the tens digit of h?
8
Suppose 9674*i + 22624 = 9681*i. What is the hundreds digit of i?
2
Let i = -3557 + 6389. What is the hundreds digit of i?
8
Suppose 486*y - 13118 = 472*y. What is the units digit of y?
7
What is the hundreds digit of 2038/18*(-88 + 97)?
0
Let k = 422 + -233. Let i = k + -123. What is the tens digit of i?
6
Let b(m) be the third derivative of m**5/10 + m**4/8 + 5*m**3/2 + 30*m**2. What is the tens digit of b(-5)?
5
Let c(s) = -4 - s + 9 - 5*s - 6*s**2. Let u(t) = 7*t**2 + 7*t - 6. Let v(m) = -5*c(m) - 4*u(m). What is the units digit of v(-6)?
9
Let f(l) = 2312*l**2 + 2*l - 4. What is the units digit of f(-1)?
6
Suppose 2 - 92 = -5*x. What is the units digit of (-14)/(-63) - (-2588)/x?
4
Let f(y) = -1940*y - 7. What is the tens digit of f(-1)?
3
Suppose d = 5*w - 12628 - 11084, 4*w = -4*d + 18960. What is the thousands digit of w?
4
Let g(o) = 29*o**2 - 2*o - 15. Let q be g(4). Let u = 684 - q. What is the hundreds digit of u?
2
Let o be (-2)/(-4) - (665/(-14))/5. Let n(x) = -x**3 + 10*x**2 + 9*x - 1. What is the units digit of n(o)?
9
Suppose -13*z = 3*z - 39328. What is the thousands digit of z?
2
Suppose -2*i - 2*x + 4606 = 0, -4636 = -50*i + 48*i + 4*x. What is the tens digit of i?
0
Let c = 16 - 13. Suppose -q + 2*q = c*f - 16, 3*q = 5*f - 28. What is the units digit of 2 - 2 - (q + 0)?
1
Suppose 4 = -4*y - 24. Let o be y*(12/14)/(-2). Suppose 57 - 208 = -4*c + o*s, -c + 9 = 5*s. What is the units digit of c?
4
Suppose -1755 = -4*g + 2*a - 309, -4*g = 3*a - 1441. What is the hundreds digit of g?
3
Suppose 8*s - 571 = 789. What is the tens digit of s?
7
Suppose -4*q + 12 = -0. Let n(r) = 32*r + 8. What is the hundreds digit of n(q)?
1
Let g = 465 + -236. What is the units digit of g?
9
Suppose 0 = -5*r + 4*r + 5*r. Suppose 8*m + 129 - 441 = r. What is the units digit of m?
9
Let i be (-1 - (-78)/(-18))*(-27)/6. Let b = i - -132. What is the hundreds digit of b?
1
Let c(w) = w**2 + 8*w - 5. Let g be c(-9). Suppose -182 = -2*n + g. What is the tens digit of n?
9
Suppose -5*x + 734 = 4*z, -221 - 501 = -4*z + x. What is the units digit of z?
1
Let q = 4 + 1. Suppose 2 = 2*j - d - 8, 2*d = q*j - 27. Suppose j*h - 4*h = 123. What is the tens digit of h?
4
Suppose 2*o - 5*g - 326 = -10*g, 5*o + 5*g = 800. What is the hundreds digit of o - (5 - 5 - 5)?
1
Suppose -4507 = -14*x + 7225. What is the tens digit of x?
3
Suppose -2*q = -3*n - 25, -4 = q - 0. Let o(l) = -l**3 - 11*l**2 - 7*l - 13. What is the tens digit of o(n)?
6
Let w be 0 - (-4)/(-2) - -6. Suppose -k = -2, -13 = w*i + i + k. What is the units digit of (-16)/((-6)/3) + i?
5
Suppose -8*k + 21*k - 520 = 0. Suppose -k + 8 = -2*i. What is the units digit of i?
6
Suppose -77 - 1763 = -10*c. What is the tens digit of c?
8
Suppose -4*u + u = -42. Let k(i) = -i**2 + 17*i - 15. What is the tens digit of k(u)?
2
Suppose -4*l = -6*l + 1010. What is the tens digit of l?
0
Suppose 31 + 25 = 7*h. What is the tens digit of (2/h)/((-4)/(-848))?
5
Suppose u = 5*o - 9, -3*u - 3*o + 30 = o. Let s = 8 - u. Suppose 3*z - 23 = s*z. What is the tens digit of z?
2
Suppose 9*r = -4*r + 37635. What is the thousands digit of r?
2
Let d = -164 - -72. Let n = d + 123. What is the tens digit of n?
3
Let q = -12 + 20. Let b be 4/q - (-23)/2. Let g = b - -4. What is the tens digit of g?
1
Let q = 101 - -318. What is the tens digit of q?
1
Let a(t) = t - 4. Let l be (-13)/(-2) - 2/(-4). Let g be a(l). Suppose 2*n = -g*v + 7*n + 32, 5*n - 10 = 0. What is the tens digit of v?
1
Let j(x) = x**3 - 9*x**2 - 6*x - 13. Suppose -9*g + 10 = -8*g. What is the tens digit of j(g)?
2
Let m = 6890 - 1770. What is the hundreds digit of m?
1
What is the tens digit of (-20)/(-3)*(-1008)/(-105)?
6
Let v(h) = -h**2 + 4*h + 3. Let m be v(4). Suppose 4*j = m*w - 20, 5*j + 0*j + 25 = 0. Suppose w = 4*f - 0*f - 36. What is the units digit of f?
9
Let f(q) = 8*q**2 - 4*q - 14. What is the hundreds digit of f(6)?
2
Let q(d) = -d**3 + 20*d**2 - 14*d - 43. Let v(t) = t**2 + t + 19. Let p be v(0). What is the tens digit of q(p)?
5
Suppose -3*r - 29 = -95. Suppose -5*n + 598 = -r. What is the hundreds digit of n?
1
Suppose 20 = 2*q + q - 4*d, -5*q + 2*d = -10. Let o(j) = -j**3 + j + 58. Let k be o(q). Suppose -6*i = -4*i - k. What is the units digit of i?
9
Suppose 3238 = r - 104*k + 102*k, -2*k = -4*r + 12928. What is the thousands digit of r?
3
Let b(a) = -2*a**2 - 17*a + 10. Let n be b(-8). Suppose 3*l - 3*y = -2*l + 37, -n = -2*l - 2*y. What is the units digit of l?
8
Let w(a) = 4*a - 9. Let t b